{"id":205,"date":"2025-12-02T18:12:05","date_gmt":"2025-12-02T17:12:05","guid":{"rendered":"https:\/\/szarczynski.pl\/?page_id=205"},"modified":"2026-03-11T11:50:47","modified_gmt":"2026-03-11T10:50:47","slug":"main","status":"publish","type":"page","link":"https:\/\/szarczynski.pl\/","title":{"rendered":"MAIN"},"content":{"rendered":"\t\t<div data-elementor-type=\"wp-page\" data-elementor-id=\"205\" class=\"elementor elementor-205\">\n\t\t\t\t<div class=\"elementor-element elementor-element-181fd6e9 e-flex e-con-boxed e-con e-parent\" data-id=\"181fd6e9\" data-element_type=\"container\" data-e-type=\"container\">\n\t\t\t\t\t<div class=\"e-con-inner\">\n\t\t\t\t<div class=\"elementor-element elementor-element-daa9ce elementor-widget elementor-widget-text-editor\" data-id=\"daa9ce\" data-element_type=\"widget\" data-e-type=\"widget\" data-widget_type=\"text-editor.default\">\n\t\t\t\t\t\t\t\t\t<p>SZARCZYNSKI to autorska pracownia projektowo-produkcyjna, w kt\u00f3rej \u0142\u0105czymy rzemios\u0142o nowej generacji z technologi\u0105 druku 3D. Projektujemy i produkujemy elementy u\u017cytkowe, dekoracyjne oraz techniczne \u2013 zar\u00f3wno w kr\u00f3tkich seriach, jak i jako realizacje indywidualne. Ka\u017cdy projekt powstaje w odpowiedzi na konkretn\u0105 potrzeb\u0119 i jest wykonywany na bie\u017c\u0105co, z dba\u0142o\u015bci\u0105 o funkcjonalno\u015b\u0107, estetyk\u0119 i trwa\u0142o\u015b\u0107. Tworzymy rzeczy, kt\u00f3rych nie da si\u0119 kupi\u0107 w sieciowych sklepach \u2013 bo powstaj\u0105 dok\u0142adnie pod Twoje wymagania. Pracujemy na sprawdzonych materia\u0142ach i nowoczesnych technologiach, \u0142\u0105cz\u0105c do\u015bwiadczenie, precyzj\u0119 oraz ci\u0105g\u0142e doskonalenie proces\u00f3w.<\/p>\t\t\t\t\t\t\t\t<\/div>\n\t\t\t\t\t<\/div>\n\t\t\t\t<\/div>\n\t\t<div class=\"elementor-element elementor-element-dd4d67c e-grid e-con-boxed e-con e-parent\" data-id=\"dd4d67c\" data-element_type=\"container\" data-e-type=\"container\">\n\t\t\t\t\t<div class=\"e-con-inner\">\n\t\t\t\t<div class=\"elementor-element elementor-element-9dd184b elementor-widget elementor-widget-image\" data-id=\"9dd184b\" data-element_type=\"widget\" data-e-type=\"widget\" data-widget_type=\"image.default\">\n\t\t\t\t\t\t\t\t\t\t\t\t<figure class=\"wp-caption\">\n\t\t\t\t\t\t\t\t\t\t\t<a href=\"https:\/\/szarczynski.pl\/index.php\/sklep\/\">\n\t\t\t\t\t\t\t<img decoding=\"async\" width=\"150\" height=\"150\" src=\"https:\/\/szarczynski.pl\/wp-content\/uploads\/2026\/01\/Sklep-150x150.png\" class=\"attachment-thumbnail size-thumbnail wp-image-464\" alt=\"\" srcset=\"https:\/\/szarczynski.pl\/wp-content\/uploads\/2026\/01\/Sklep-150x150.png 150w, https:\/\/szarczynski.pl\/wp-content\/uploads\/2026\/01\/Sklep-300x300.png 300w, https:\/\/szarczynski.pl\/wp-content\/uploads\/2026\/01\/Sklep-768x768.png 768w, https:\/\/szarczynski.pl\/wp-content\/uploads\/2026\/01\/Sklep-600x600.png 600w, https:\/\/szarczynski.pl\/wp-content\/uploads\/2026\/01\/Sklep-100x100.png 100w, https:\/\/szarczynski.pl\/wp-content\/uploads\/2026\/01\/Sklep.png 1024w\" sizes=\"(max-width: 150px) 100vw, 150px\" \/>\t\t\t\t\t\t\t\t<\/a>\n\t\t\t\t\t\t\t\t\t\t\t<figcaption class=\"widget-image-caption wp-caption-text\">Sklep<\/figcaption>\n\t\t\t\t\t\t\t\t\t\t<\/figure>\n\t\t\t\t\t\t\t\t\t<\/div>\n\t\t\t\t<div class=\"elementor-element elementor-element-33c7c15 elementor-widget elementor-widget-image\" data-id=\"33c7c15\" data-element_type=\"widget\" data-e-type=\"widget\" data-widget_type=\"image.default\">\n\t\t\t\t\t\t\t\t\t\t\t\t<figure class=\"wp-caption\">\n\t\t\t\t\t\t\t\t\t\t\t<a href=\"https:\/\/szarczynski.pl\/index.php\/kontakt\">\n\t\t\t\t\t\t\t<img decoding=\"async\" width=\"150\" height=\"150\" src=\"https:\/\/szarczynski.pl\/wp-content\/uploads\/2026\/01\/Kontakt2-150x150.png\" class=\"attachment-thumbnail size-thumbnail wp-image-465\" alt=\"\" srcset=\"https:\/\/szarczynski.pl\/wp-content\/uploads\/2026\/01\/Kontakt2-150x150.png 150w, https:\/\/szarczynski.pl\/wp-content\/uploads\/2026\/01\/Kontakt2-300x300.png 300w, https:\/\/szarczynski.pl\/wp-content\/uploads\/2026\/01\/Kontakt2-768x768.png 768w, https:\/\/szarczynski.pl\/wp-content\/uploads\/2026\/01\/Kontakt2-600x600.png 600w, https:\/\/szarczynski.pl\/wp-content\/uploads\/2026\/01\/Kontakt2-100x100.png 100w, https:\/\/szarczynski.pl\/wp-content\/uploads\/2026\/01\/Kontakt2.png 1024w\" sizes=\"(max-width: 150px) 100vw, 150px\" \/>\t\t\t\t\t\t\t\t<\/a>\n\t\t\t\t\t\t\t\t\t\t\t<figcaption class=\"widget-image-caption wp-caption-text\">Kontakt<\/figcaption>\n\t\t\t\t\t\t\t\t\t\t<\/figure>\n\t\t\t\t\t\t\t\t\t<\/div>\n\t\t\t\t<div class=\"elementor-element elementor-element-6d7e910 elementor-widget elementor-widget-image\" data-id=\"6d7e910\" data-element_type=\"widget\" data-e-type=\"widget\" data-widget_type=\"image.default\">\n\t\t\t\t\t\t\t\t\t\t\t\t<figure class=\"wp-caption\">\n\t\t\t\t\t\t\t\t\t\t\t<a href=\"https:\/\/szarczynski.pl\/index.php\/realizacje\/\">\n\t\t\t\t\t\t\t<img fetchpriority=\"high\" decoding=\"async\" width=\"1024\" height=\"1024\" src=\"https:\/\/szarczynski.pl\/wp-content\/uploads\/2026\/01\/Realizacje.png\" class=\"attachment-full size-full wp-image-467\" alt=\"\" srcset=\"https:\/\/szarczynski.pl\/wp-content\/uploads\/2026\/01\/Realizacje.png 1024w, https:\/\/szarczynski.pl\/wp-content\/uploads\/2026\/01\/Realizacje-300x300.png 300w, https:\/\/szarczynski.pl\/wp-content\/uploads\/2026\/01\/Realizacje-150x150.png 150w, https:\/\/szarczynski.pl\/wp-content\/uploads\/2026\/01\/Realizacje-768x768.png 768w, https:\/\/szarczynski.pl\/wp-content\/uploads\/2026\/01\/Realizacje-600x600.png 600w, https:\/\/szarczynski.pl\/wp-content\/uploads\/2026\/01\/elementor\/thumbs\/Realizacje-rhvzbj66nu143dkkj5p0r0yyovb3vddcq58h040fzc.png 100w, https:\/\/szarczynski.pl\/wp-content\/uploads\/2026\/01\/elementor\/thumbs\/Realizacje-rhvzbj661wmwadhpbp9fozjs677ajhrhs8xvxertys.png 50w\" sizes=\"(max-width: 1024px) 100vw, 1024px\" \/>\t\t\t\t\t\t\t\t<\/a>\n\t\t\t\t\t\t\t\t\t\t\t<figcaption class=\"widget-image-caption wp-caption-text\">Realizacje<\/figcaption>\n\t\t\t\t\t\t\t\t\t\t<\/figure>\n\t\t\t\t\t\t\t\t\t<\/div>\n\t\t\t\t\t<\/div>\n\t\t\t\t<\/div>\n\t\t\t\t<\/div>\n\t\t","protected":false},"excerpt":{"rendered":"<p>SZARCZYNSKI to autorska pracownia projektowo-produkcyjna, w kt\u00f3rej \u0142\u0105czymy rzemios\u0142o nowej generacji z technologi\u0105 druku 3D. Projektujemy i produkujemy elementy u\u017cytkowe, [&hellip;]<\/p>\n","protected":false},"author":1,"featured_media":0,"parent":0,"menu_order":0,"comment_status":"closed","ping_status":"closed","template":"","meta":{"site-sidebar-layout":"default","site-content-layout":"","ast-site-content-layout":"default","site-content-style":"default","site-sidebar-style":"default","ast-global-header-display":"","ast-banner-title-visibility":"","ast-main-header-display":"","ast-hfb-above-header-display":"","ast-hfb-below-header-display":"","ast-hfb-mobile-header-display":"","site-post-title":"disabled","ast-breadcrumbs-content":"","ast-featured-img":"","footer-sml-layout":"","theme-transparent-header-meta":"","adv-header-id-meta":"","stick-header-meta":"","header-above-stick-meta":"","header-main-stick-meta":"","header-below-stick-meta":"","astra-migrate-meta-layouts":"default","ast-page-background-enabled":"default","ast-page-background-meta":{"desktop":{"background-color":"var(--ast-global-color-5)","background-image":"","background-repeat":"repeat","background-position":"center center","background-size":"auto","background-attachment":"scroll","background-type":"","background-media":"","overlay-type":"","overlay-color":"","overlay-opacity":"","overlay-gradient":""},"tablet":{"background-color":"","background-image":"","background-repeat":"repeat","background-position":"center center","background-size":"auto","background-attachment":"scroll","background-type":"","background-media":"","overlay-type":"","overlay-color":"","overlay-opacity":"","overlay-gradient":""},"mobile":{"background-color":"","background-image":"","background-repeat":"repeat","background-position":"center center","background-size":"auto","background-attachment":"scroll","background-type":"","background-media":"","overlay-type":"","overlay-color":"","overlay-opacity":"","overlay-gradient":""}},"ast-content-background-meta":{"desktop":{"background-color":"var(--ast-global-color-4)","background-image":"","background-repeat":"repeat","background-position":"center center","background-size":"auto","background-attachment":"scroll","background-type":"","background-media":"","overlay-type":"","overlay-color":"","overlay-opacity":"","overlay-gradient":""},"tablet":{"background-color":"var(--ast-global-color-4)","background-image":"","background-repeat":"repeat","background-position":"center center","background-size":"auto","background-attachment":"scroll","background-type":"","background-media":"","overlay-type":"","overlay-color":"","overlay-opacity":"","overlay-gradient":""},"mobile":{"background-color":"var(--ast-global-color-4)","background-image":"","background-repeat":"repeat","background-position":"center center","background-size":"auto","background-attachment":"scroll","background-type":"","background-media":"","overlay-type":"","overlay-color":"","overlay-opacity":"","overlay-gradient":""}},"footnotes":""},"class_list":["post-205","page","type-page","status-publish","hentry"],"jetpack_sharing_enabled":true,"_links":{"self":[{"href":"https:\/\/szarczynski.pl\/index.php\/wp-json\/wp\/v2\/pages\/205","targetHints":{"allow":["GET"]}}],"collection":[{"href":"https:\/\/szarczynski.pl\/index.php\/wp-json\/wp\/v2\/pages"}],"about":[{"href":"https:\/\/szarczynski.pl\/index.php\/wp-json\/wp\/v2\/types\/page"}],"author":[{"embeddable":true,"href":"https:\/\/szarczynski.pl\/index.php\/wp-json\/wp\/v2\/users\/1"}],"replies":[{"embeddable":true,"href":"https:\/\/szarczynski.pl\/index.php\/wp-json\/wp\/v2\/comments?post=205"}],"version-history":[{"count":71,"href":"https:\/\/szarczynski.pl\/index.php\/wp-json\/wp\/v2\/pages\/205\/revisions"}],"predecessor-version":[{"id":567,"href":"https:\/\/szarczynski.pl\/index.php\/wp-json\/wp\/v2\/pages\/205\/revisions\/567"}],"wp:attachment":[{"href":"https:\/\/szarczynski.pl\/index.php\/wp-json\/wp\/v2\/media?parent=205"}],"curies":[{"name":"wp","href":"https:\/\/api.w.org\/{rel}","templated":true}]}}